-18). Is y(u) a composite number?
False
Suppose 4*k + 0*k = -u + 14, 5*u = 4*k - 2. Let y(s) = 1041*s - 17. Is y(k) a composite number?
True
Suppose -77948 + 11401 = 13*t. Let m = -1070 - t. Is m composite?
False
Let n(t) be the first derivative of t**2/2 + 1657*t + 103. Is n(0) composite?
False
Let v be 4017 + 2*42/12. Let x = 26269 + v. Is x prime?
True
Is (70255/5)/((-5808)/447 + 13) prime?
False
Let g(n) be the first derivative of 3*n**2/2 + 2142*n - 23. Let k be g(0). Suppose 5*x - 383 - k = 0. Is x a composite number?
True
Let k(h) = -6*h + 40. Let v be k(6). Suppose -7764 = -3*a + 3*y, 5*a + v*y = -0*a + 12967. Is a a composite number?
False
Let c(v) = 938*v - 491. Is c(93) a prime number?
True
Suppose -6*c = 7*c - 5824. Let q = -233 + c. Is q composite?
True
Let k(h) = 19*h - 6. Let i be k(-3). Let o = i + 63. Suppose f - 3*b - 404 = o, -b + 25 = 4*b. Is f a prime number?
True
Suppose -15 - 27 = -3*h. Let n be (-13)/(-91) - 114/h. Is (5 + -1)*(-298)/n a composite number?
False
Let m(q) = 1236*q**2 - 33*q - 56. Is m(-5) composite?
True
Let t be (2/(-2))/(8/24). Let o be (-17)/t - 2/(-6). Let c(x) = 2*x**3 - 6*x**2 - 11*x - 1. Is c(o) a prime number?
True
Let v be -22 + (1 - -2)/1 + 0. Let y(r) = -r**3 + 4*r**2 - 9*r. Let q be y(v). Let d = 14613 - q. Is d composite?
True
Let x = 137239 + -97958. Is x a prime number?
False
Suppose -98 = -d + 5*a, -d + 10*a = 15*a - 118. Let q be (1369/3 + 0)*3. Suppose -r = -d - q. Is r composite?
True
Let p = -11454 - -6984. Is -1 + 2 + p/(-5) a composite number?
True
Suppose -6*k + 11*k = 2*m + 249913, -299874 = -6*k - 3*m. Is k composite?
True
Suppose -g = -0*l - 4*l + 43, -3*g = 2*l - 39. Let b be 3*((-44)/l + 4). Is b*(-111)/(-5 - -2) a composite number?
False
Let o(k) = 39*k**2 + 32*k + 756. Is o(-25) composite?
True
Let n = 118 - 113. Suppose -8811 = -n*d + 4*m, -3*d - 3*m = -0*d - 5292. Is d prime?
False
Suppose -2*s + 4*x + 48 = 3*x, 68 = 2*s + 4*x. Suppose -20*w + s*w = 46794. Is w a prime number?
False
Let g = -24108 + 4156. Let n = 30 + -42. Is g/(-20) - n/30 prime?
False
Let u(p) = -4*p**3 + 19*p**2 + 86*p + 27. Is u(-20) a prime number?
True
Let q be (-2)/(1 - 1859/1861). Let n = -7372 - q. Is (-6)/8 + n/(-4) + 4 composite?
False
Suppose 5*o = -3*m + 2168, 3640 = 5*m - o + 4*o. Let f = m - 151. Let x = f + -225. Is x a composite number?
True
Let h(k) = -10*k**3 - 2*k - 1. Let l(v) = 11*v**3 + v**2 + 2*v + 1. Let u(i) = -6*h(i) - 5*l(i). Suppose -9*f + 18 = 3*w - 4*f, -5*w = 5*f - 30. Is u(w) prime?
False
Let c(f) = -33*f + 7. Let h = 326 + -330. Is c(h) prime?
True
Let y(w) = 436*w**2 - 89*w + 1247. Is y(12) prime?
False
Let a = 105 - 95. Let t be (7 - 75/a)/(1/(-1542)). Suppose 2*s + t = 2*f - 3*s, 3*s = 2*f - 761. Is f prime?
True
Suppose -5*m - 5 = 4*z, 6*z = 2*z - 4*m - 4. Let u(w) = -w**2 + 8*w + 3941. Is u(z) a composite number?
True
Let d(c) = 10*c**3 + 5*c**2 - 2*c - 5. Let g be d(3). Suppose -2*l + 0*l = -g. Let f = 330 - l. Is f composite?
True
Suppose 7 = 3*u - 4*u. Let n be 15*((-1)/6)/(u/1148). Suppose n = 9*b - 4*b. Is b prime?
False
Let o(i) = 693*i**2 - 20*i - 80. Is o(-3) a composite number?
False
Let k = 687343 - 348450. Is k a prime number?
True
Suppose -3*s = 9, 2*s - 5*s = 3*d - 344679. Is (d/32)/(1/2) a composite number?
True
Is ((-4)/12)/((-9)/204471) a composite number?
False
Is (362122/(-4))/((-4944)/(-96) + -52) a prime number?
True
Suppose 0 = -372*q + 371*q + 2. Suppose -q*x = -5*v - 25716, -5*x - 4*v - v = -64255. Is x a composite number?
False
Suppose 1682*m - 1681*m + 8 = 0, -271794 = -2*k + 2*m. Is k a composite number?
True
Let c(k) = 434891*k - 46. Is c(1) composite?
True
Let r be 0/(1/(-1) - (-16 + 13)). Suppose 2*q - 21 + 7 = r. Suppose q*c = -0*c + 91. Is c a composite number?
False
Let r = -173551 - -259610. Is r a composite number?
True
Suppose -66 = 5*a - 71, -2*a = 2*h - 497944. Is h a prime number?
True
Let y be (-13)/(-39) - (-2661)/9. Let a = y - -1805. Is a composite?
True
Suppose -80 = -4*a - 68. Suppose -6*x - 32350 = -5*s - 9*x, s - 6452 = a*x. Is s composite?
True
Suppose 5*b - 5*a = 2853275, 3*b - 2*a = 3*a + 1711971. Suppose 0 = -22*h + 302902 + b. Is h composite?
True
Let k = 17 - 17. Let x(s) = 19*s + 10 + k + 19*s. Is x(2) a prime number?
False
Let d = -250 - -255. Suppose -d*h - 303 = -4748. Is h a composite number?
True
Suppose -77 = 2*x + 439. Let d = x - -556. Is 1/(4/d)*2 prime?
True
Let g be 12 - 12 - ((-6)/2 + -428). Suppose 0 = 7*q - 2*q - 3960. Suppose 0 = -z + g + q. Is z composite?
False
Suppose 2*g - 3*q = 1937504, 0 = -5*g - 8*q + 7*q + 4843743. Is g a composite number?
True
Suppose 0 = 46*o + 48*o - 16089134. Is o composite?
False
Suppose -4*o - 82215 = -3*j + 109488, 3*j + o - 191703 = 0. Is j composite?
False
Is (1 - -5) + (-1 - -3) - (-435567 + -318) prime?
True
Suppose -5*v + 2*s + 1359171 = 0, -2*s - 351349 = -6*v + 1279653. Is v a composite number?
True
Suppose 41*h - 21137 - 24332 = 0. Is h composite?
False
Is 1 - 7 - -4703*(-7 + 270) a prime number?
True
Suppose -84 = 4*w + 3*t + t, -3*w + t - 43 = 0. Is (w/4 - -3)*-2077 a composite number?
True
Suppose -7*z = -2*z + 5*k - 112020, -4*z + 5*k = -89661. Suppose 8360 = -9*g + z. Is g composite?
True
Is 5140/(-3700)*-1386395 + (-8)/(-148) a composite number?
True
Is (-1576914)/(-15)*(-635)/(-254) composite?
False
Let f(r) = 11*r - 13. Let c be f(6). Let o = 275 - c. Suppose -5*m + 4*g = -8*m + 222, 3*m = g + o. Is m prime?
False
Let t = 360 + -369. Let q(d) = -4*d**3 + 3*d**2 + 50*d + 10. Is q(t) composite?
False
Suppose -4*b = 4*m + 88, 87 = 7*b - 11*b - 3*m. Let r be (5 + 133/b)/((-4)/42). Is (-2123)/(-7) - 4/r*1 prime?
False
Let f be -1 + 2 - (31 + 563). Suppose -1603 = -3*t + 1073. Let n = t + f. Is n prime?
False
Let w(z) = -17*z**2 + 2201*z - 113. Is w(117) a composite number?
False
Let m = -8151 - -5643. Let x = m - -3907. Is x a prime number?
True
Let c(o) = o**2 + 4*o + 3. Let k be c(-4). Let t(u) = 269*u + 3. Let r be t(k). Suppose -3*m + 197 + 61 = h, 3*h - 3*m - r = 0. Is h composite?
True
Let y(s) = 2*s**2 + 63*s - 38. Let u be y(-40). Let g = 1013 - u. Is g prime?
False
Let n(m) = 2*m**3 + 23*m**2 + 3*m - 18. Let y be n(-10). Suppose 250*g + 64366 = y*g. Is g prime?
True
Suppose 89*d = 81*d - 48. Suppose 4*u - 4 = -2*k, 2*k - k + 3*u = 2. Is d/k - -4 - -492 a prime number?
False
Let l be 162/(-30) + 5 + 506644/10. Suppose 19*q - l = 11*q. Is q a composite number?
True
Let f(r) = 684*r - 1429. Is f(10) a prime number?
False
Let r(l) = -11558*l - 4. Let x be r(-2). Suppose 4*j + x = 9*s - 5*s, -23114 = -4*s + 2*j. Is s a composite number?
False
Let d(v) = 1145*v**2 - 52*v - 32. Is d(-11) composite?
True
Let w(a) = 39*a**2 + 25*a + 247. Is w(-18) composite?
False
Let j = 12 + -15. Let a be 14/21*309*j/2. Let p = a - -1172. Is p a prime number?
True
Let w(p) = -p**3 + 105*p**2 + 40*p - 215. Is w(91) prime?
True
Let m = -157 - -115. Is (-18153)/(-6) + m/(-28) prime?
False
Let v(c) be the first derivative of c**5/4 - 11*c**4/24 + c**3/6 - 3*c**2 + 12. Let n(h) be the second derivative of v(h). Is n(7) prime?
True
Let g(x) be the third derivative of 7*x**5/12 - x**4/12 - 11*x**3/6 + 17*x**2 + 4. Suppose 2*r - 2 = -3*k, 5*r - 28 = 5*k - 73. Is g(k) composite?
False
Suppose -3*u + 426 + 699 = 0. Let t = -155 + u. Suppose -3*j = -1126 + t. Is j a prime number?
False
Suppose 4733 = 4*y - 21715. Suppose 32*d - y = 20*d. Is d a prime number?
False
Let a(j) = 21*j + 127. Let x(z) = -61*z - 379. Let t(b) = -8*a(b) - 3*x(b). Is t(10) prime?
True
Suppose 0 = -6*c + 19 - 7. Let z be -2 - (-3)/(c + (-1)/2). Suppose z = -4*y + 1100 + 552. Is y a composite number?
True
Let p(x) = 127*x**3 + 3*x**2 - 4*x + 2. Let h be p(3). Let n = 6855 - h. Suppose 2*w - n = -5*w. Is w a prime number?
True
Is (5 - (-26)/(-6))*40164/8 a composite number?
False
Suppose -221*z + 755561 = -220*z. Is z a prime number?
True
Is (-1)/(7 + 2/10 + (-72819461)/10113805) a composite number?
True
Suppose -279*o + 131*o + 40132124 = 0. Is o composite?
False
Let i be -2442*26/4*(-10)/(-10). Is (-1)/(-3)*(18 - i) a composite number?
False
Let d = -33 + 36. Suppose -4*w + 33 = 13. Suppose 2*f - w*r - 1881 = 0, -4*f - d*r + 3744 = -7*r. Is f prime?
False
Let n = 3293094 + -1986973. Is n a composite number?